mmon factor of h and f?
13
Suppose -84*h + 45*h = -16965. Calculate the highest common divisor of h and 15.
15
Let l(b) = 4*b**2 + 3*b - 3. Let p be l(-3). Suppose -2*f + t - 5*t = -p, 18 = 2*f - 2*t. What is the highest common divisor of f and 2?
2
Let n be (3/(-2) + 3)/((-3)/64). Let k = n - -47. Calculate the greatest common factor of 240 and k.
15
Let a = -343 + 893. Suppose 24*m - 19*m - a = 0. What is the highest common divisor of 10 and m?
10
Let a = -5 - 4. Let c be (a - -8)*1*-1. Let j be (-45)/(-6) + c/(-2). What is the greatest common divisor of 28 and j?
7
Let t(r) = 49*r + 152. Let w be t(-3). Calculate the greatest common divisor of w and 32.
1
Let v be (-35)/42 + (-5067)/(-54). Calculate the highest common factor of 31 and v.
31
Let h(p) = -p + 2. Let f be h(-7). Let v = 32 - f. Suppose -d = -x + 2, 5*x - v = -2*d + 8. What is the greatest common divisor of 35 and x?
5
Let d be 0 - (-1)/(3/(-12)). Let c(z) = 3*z - 5*z + 13 - 12. Let n be c(d). What is the highest common factor of 81 and n?
9
Let t(v) = v**2 + 2*v + 52. Let i be t(10). Suppose 5*n - 200 = -5*c, -i = -5*c + 4*n - 2*n. What is the greatest common divisor of c and 36?
36
Let w = 475 - 241. What is the greatest common factor of w and 26?
26
Let i = -96 - -112. Suppose 13*f = i*f - 30. What is the greatest common divisor of f and 25?
5
Let j(r) = 2*r**3 + 9*r**2 - 2*r + 2. Let f be j(-2). Suppose 0 = 2*k + 10, -u - 5*k + k - 7 = 0. What is the highest common divisor of u and f?
13
Let f(d) = 4*d + 116. Let c be f(-25). Calculate the highest common factor of 80 and c.
16
Let g be (-12)/(-32) - (3 - (-651)/(-56)). What is the greatest common divisor of g and 81?
9
Let g(h) = 5 - 7 - 4 + h**2 - 9*h - 4. Let z be g(-6). What is the highest common factor of z and 10?
10
Suppose -1791 = -2*k - 243. Suppose -5*t + y = -k, 0*y = 5*y + 20. Calculate the highest common factor of 14 and t.
14
Let f be (-66)/(-10) + (-6)/(-15). Suppose 0 = -5*j - 2*n + 278, 11*n = j + 6*n - 61. What is the greatest common factor of j and f?
7
Let g be (-1)/(0 + (-1)/4). Suppose -g*z + 7 = -n, -3*n = -z - 26 + 3. Suppose n*c - 12 = 8*c. What is the highest common factor of c and 132?
12
Suppose -4 = -6*w + 10*w. Let t be -28*((-2)/(-4))/w. What is the highest common factor of t and 112?
14
Let c(j) = 2*j**3 + 6*j**2 + j - 3. Let o be c(-3). Let p be o/(6/6)*(-44)/6. Calculate the highest common divisor of p and 4.
4
Let w(s) = -s**3 + s**2 + 3*s - 4. Let o be w(-2). Suppose -6*m - 425 = -5*x - 5*m, -o*x + 5*m + 170 = 0. What is the greatest common factor of 17 and x?
17
Suppose 93 = h + 4*h + 4*q, 0 = 4*h - q - 66. Let c be h*4 - (5 + -9). What is the highest common divisor of c and 18?
18
Suppose 0 = 5*r - 2356 + 1861. What is the highest common divisor of 72 and r?
9
Suppose -2*k = -k - 5, -255 = -5*h - 5*k. Let w = h + -27. Let r = w - 8. What is the greatest common divisor of r and 11?
11
Let n(k) = -4*k**3 - 63*k**2 + 6*k + 4. Let b be n(-16). What is the greatest common factor of b and 4?
4
Let o be 25 - (-2 + 3 + -3). Let y = 59 - o. Calculate the highest common divisor of 192 and y.
32
Let g(r) = r**2 - 19*r - 222. Let c be g(-11). What is the highest common divisor of c and 28?
4
Let h(n) be the second derivative of -n**4/12 - n**3/3 - n**2/2 - 4*n. Let i be h(-1). Suppose i = -6*m + m + 55. What is the highest common factor of 77 and m?
11
Let k = 4 + -1. Let z(m) = 94 + m**3 + m - 2*m**2 - 2*m**3 - 91. Let d be z(-3). What is the greatest common divisor of d and k?
3
Let n be 318/(-1)*(4 + 45/(-10)). Suppose -3*k = -n - 33. Calculate the highest common factor of k and 8.
8
Let z(c) = -c**3 + 5*c**2 + c - 2. Let h be z(4). Let g = 141 + -69. Calculate the greatest common factor of g and h.
18
Let c be 5/((-10)/22)*-8. Let l(z) = -z**3 + 4*z**2 + 5*z + 33. Let j be l(0). Calculate the greatest common divisor of j and c.
11
Let h(w) = 2*w + 2. Let x be h(2). Let r = 12 - -21. Suppose -387 = -7*v + r. Calculate the greatest common divisor of x and v.
6
Suppose 55*u - 324 = 46*u. What is the highest common factor of u and 12?
12
Let d = -2 + 0. Let k be (-10 - -17)/(d/(-4)). What is the highest common divisor of 98 and k?
14
Suppose -9 = -x - 5*s, -2*x = -s + 6*s - 28. Let p be 6/(-9) + 916/6. What is the greatest common factor of x and p?
19
Suppose 77 = 11*v - 4*v. Let z = -15 + 17. Suppose -74 = -z*y + 14. Calculate the greatest common factor of y and v.
11
Let h = 351 - 345. What is the highest common factor of h and 138?
6
Suppose 4 = -z + 2. Let c be (z/(-3))/(4/(-978)). Let h = c - -273. What is the greatest common factor of h and 10?
10
Suppose -8*v - 6 = -11*v. Suppose 0 = v*u - h - 2 - 101, -3*u + 187 = 5*h. Calculate the greatest common divisor of 6 and u.
6
Suppose i - 184 = 14. Let u(m) = m + 3. Let o = -16 - -31. Let c be u(o). What is the greatest common divisor of c and i?
18
Suppose -4*u = h - 1635, 0*h + 5*h + 801 = 2*u. Calculate the highest common divisor of 36 and u.
12
Suppose -3*z + 8*z + 25 = 0. Let d(q) be the first derivative of q**2/2 + 7*q + 8. Let u be d(z). Calculate the greatest common divisor of 4 and u.
2
Let z(f) = -f**3 - 4*f**2 - 14*f - 35. Let x be z(-8). Calculate the greatest common factor of 37 and x.
37
Let v(z) = 7*z + 253. Let c be v(-14). What is the greatest common factor of 20 and c?
5
Let p = 49 + -35. Let t = p - 8. Let f = t - 2. Calculate the greatest common factor of 44 and f.
4
Suppose 0 = q - 610 + 99. Suppose 5*d + 196 = q. Calculate the greatest common divisor of d and 42.
21
Suppose 5769 = 28*t - 3863. Calculate the highest common divisor of 1118 and t.
86
Let c = -675 - -1485. What is the highest common divisor of 30 and c?
30
Let z = 19 + -21. Let h(n) = -n**3 - 3*n**2 - 4*n + 1. Let u be h(z). Suppose -3*y - 240 = -u*y. What is the highest common divisor of 15 and y?
15
Suppose -17*b = -12*b + 35. Let x = b + 8. What is the greatest common divisor of 4 and x?
1
Let g(a) = 83*a + 12. Let d be g(-15). Let c = d + 527. Let q = c + 992. What is the greatest common factor of 26 and q?
26
Suppose 0 = -z + 4*v + 424, 6*z = z - 2*v + 2208. Calculate the highest common factor of z and 264.
88
Suppose -69 = -n - 65. Calculate the greatest common divisor of n and 86.
2
Let y(x) = x**3 + 10*x**2 - x - 2. Let t be y(-10). Calculate the highest common divisor of 38 and t.
2
Let d = -4 - -24. Let p(x) = 21*x**2 - 11*x + 24. Let b be p(3). What is the greatest common divisor of b and d?
20
Suppose 21*a = a + 360. What is the greatest common divisor of 198 and a?
18
Let j = -37 - -39. Suppose 486 = j*t + 4*t. What is the greatest common divisor of t and 54?
27
Let l be (125/(-15) - -8)*-90. Calculate the greatest common factor of 735 and l.
15
Let b(v) = -5*v + 52. Let c be b(10). Suppose -c*t - 2*n = -36 - 10, -3*n = -3. Calculate the highest common divisor of 242 and t.
22
Let n be ((-10)/12)/((-4)/24). Suppose 67 = 5*o - a, 6 = -2*o + n*a + 19. Suppose -t + o = t. What is the highest common factor of t and 77?
7
Suppose 0 = 4*u - 11*u + 812. Suppose -2*y + 3*f + 2*f + 235 = 0, 2*f = y - u. What is the greatest common divisor of y and 10?
10
Let m be (-1)/((-6)/24 + 0). Suppose -m*y - 675 = -5*n, -y + 26 = n - 109. What is the greatest common factor of n and 5?
5
Let n be 4 + 66 + -1 + 0 + -3. Let c(w) = w**2 + 4*w - 6. Suppose y + y = -12. Let o be c(y). Calculate the highest common factor of n and o.
6
Let j be -1 + 1124/40 + (-19)/190. Calculate the greatest common divisor of 45 and j.
9
Let p(m) be the third derivative of m**4/3 - 5*m**2. Let a be p(3). What is the highest common divisor of 24 and a?
24
Let w be -198*(-8)/(-64)*-4. Calculate the highest common divisor of w and 77.
11
Suppose 9 = x + 6. Let j(p) = -p**2 + 3*p + 4. Let d be j(x). Suppose 195 = d*v - 45. What is the greatest common factor of v and 12?
12
Let q be 3 - (-438)/6 - (-1 + 1). Calculate the greatest common factor of 133 and q.
19
Let h = 1755 - 1629. What is the greatest common divisor of 28 and h?
14
Let u(s) = -3*s. Let z be u(-1). Suppose 2*g + 17 = 3*m, -m - z*g - 14 + 5 = 0. Let y be -2 - ((-26 - 0) + m). What is the highest common factor of y and 3?
3
Let c be 1 + ((-12)/15)/((-10)/275). Suppose 9 + c = 4*v. Calculate the highest common factor of 8 and v.
8
S